f 103?
False
Does 11 divide 40504356?
False
Is 31 a factor of 49770779?
True
Is 48973320 a multiple of 165?
True
Is 33 a factor of 120237550?
False
Is 2211646658 a multiple of 37?
True
Is 2470107026 a multiple of 28?
False
Is 96 a factor of 103172280?
False
Does 118 divide 9579808?
False
Does 6 divide 85897160?
False
Is 81 a factor of 49069800?
True
Is 11 a factor of 433518316?
True
Is 24055034 a multiple of 34?
True
Is 724455212 a multiple of 13?
True
Does 307 divide 8317180?
False
Is 32 a factor of 351649287?
False
Is 105904431 a multiple of 143?
False
Is 221861030 a multiple of 3085?
False
Does 13 divide 49543813?
False
Does 122 divide 1447395255?
False
Is 168 a factor of 189307440?
True
Is 6 a factor of 1887358?
False
Does 57 divide 107231752?
False
Does 2 divide 9839107?
False
Is 993282450 a multiple of 10?
True
Is 9569790 a multiple of 18?
True
Does 126 divide 62730738?
True
Does 288 divide 98993727?
False
Does 4906 divide 1535151178?
True
Is 1552358646 a multiple of 18?
True
Does 17 divide 4872818?
False
Does 249 divide 23725661?
False
Does 44 divide 56787203?
False
Is 12 a factor of 12638458?
False
Is 69 a factor of 6253925?
False
Is 207199731 a multiple of 2823?
True
Is 3812152 a multiple of 12?
False
Is 3639 a factor of 128860629?
True
Does 42 divide 154520856?
True
Is 590 a factor of 225422480?
True
Is 2 a factor of 413807446?
True
Does 15 divide 9785547?
False
Does 37 divide 10044227?
False
Is 4747099 a multiple of 10?
False
Is 172302480 a multiple of 140?
True
Is 21 a factor of 1279073167?
False
Is 486 a factor of 7242858?
True
Does 7 divide 13568370?
False
Does 2 divide 16798231?
False
Is 53 a factor of 593868922?
True
Does 834 divide 13410156?
False
Is 466431399 a multiple of 27?
True
Does 14 divide 8651192?
False
Does 63 divide 1129220787?
False
Is 101125755 a multiple of 1305?
True
Does 1757 divide 18037341?
False
Is 1225 a factor of 771251425?
True
Does 40 divide 19544717?
False
Does 447 divide 7006529?
False
Is 9 a factor of 2174868?
True
Is 145514695 a multiple of 8?
False
Is 19225596 a multiple of 235?
False
Does 19 divide 1318996636?
False
Is 559676577 a multiple of 2564?
False
Is 373762650 a multiple of 3930?
True
Does 915 divide 2115480?
True
Is 165231131 a multiple of 6?
False
Is 920 a factor of 52080280?
True
Does 20 divide 8198420?
True
Does 4 divide 19473780?
True
Is 21 a factor of 74799858?
True
Is 641150615 a multiple of 119?
False
Does 602 divide 22735311?
False
Does 163 divide 197229503?
False
Does 15362 divide 1164240705?
False
Is 4857172 a multiple of 34?
True
Does 117 divide 162838611?
True
Is 499659984 a multiple of 279?
True
Does 156 divide 3077780160?
True
Is 525585600 a multiple of 200?
True
Does 12 divide 466050159?
False
Is 171421488 a multiple of 24?
True
Does 383 divide 585222468?
True
Is 364704534 a multiple of 6?
True
Is 108645397 a multiple of 29?
True
Does 679 divide 93566200?
True
Is 4549 a factor of 196322040?
False
Is 492 a factor of 3634952?
False
Is 24637494 a multiple of 5?
False
Does 61 divide 6077064?
True
Is 2 a factor of 23183499?
False
Is 2258 a factor of 1683173208?
False
Is 11 a factor of 29983140?
True
Is 1274458856 a multiple of 10?
False
Does 168 divide 6834912?
True
Is 12723168 a multiple of 24?
True
Does 11 divide 657811671?
True
Does 36 divide 291271392?
True
Is 8420105 a multiple of 48?
False
Does 944 divide 11920832?
True
Is 31999866 a multiple of 2?
True
Does 7360 divide 1644761280?
True
Does 8275 divide 1431221919?
False
Does 85 divide 21165573?
False
Is 535275309 a multiple of 26?
False
Does 1832 divide 55443648?
True
Is 16 a factor of 8067360?
True
Is 62 a factor of 58304614?
True
Is 39 a factor of 452594800?
False
Does 276 divide 60797496?
False
Is 281317696 a multiple of 88?
True
Does 24 divide 200888352?
True
Is 31414266 a multiple of 1378?
True
Is 66944496 a multiple of 1327?
True
Is 235 a factor of 1429085429?
False
Is 6350905 a multiple of 11?
True
Does 639 divide 24418107?
True
Does 81 divide 14356521?
True
Is 5283188 a multiple of 3?
False
Does 1340 divide 87316383?
False
Does 47 divide 37905068?
False
Is 70 a factor of 29596935?
False
Is 29091588 a multiple of 642?
True
Is 619299205 a multiple of 29?
True
Is 165 a factor of 18409050?
True
Is 458 a factor of 39972911?
False
Does 17 divide 12880598?
False
Is 13119344 a multiple of 357?
False
Does 5 divide 54138900?
True
Is 686 a factor of 51705878?
True
Does 254 divide 91092528?
True
Is 220 a factor of 17797340?
True
Is 1113686072 a multiple of 53?
False
Is 21869144 a multiple of 653?
False
Is 77975502 a multiple of 814?
True
Is 172952253 a multiple of 81?
True
Is 166 a factor of 67874412?
True
Is 37247562 a multiple of 114?
True
Is 184 a factor of 8867144?
True
Is 49349420 a multiple of 36?
False
Is 20530831 a multiple of 568?
False
Is 56877516 a multiple of 36?
True
Is 7462309 a multiple of 29?
True
Is 636042999 a multiple of 3?
True
Is 171643990 a multiple of 35?
True
Is 22 a factor of 155412070?
True
Is 97759494 a multiple of 14?
True
Does 2 divide 1602327?
False
Is 251 a factor of 274405041?
False
Is 33 a factor of 8152719?
False
Is 183984875 a multiple of 29?
False
Does 2508 divide 1663257948?
True
Is 24 a factor of 5429776464?
True
Is 6530 a factor of 3967140825?
False
Is 11232472 a multiple of 15?
False
Is 642 a factor of 175231974?
True
Is 993448896 a multiple of 627?
True
Does 1069 divide 67766048?
True
Is 8 a factor of 782048632?
True
Does 257 divide 44731621?
True
Does 212 divide 117060358?
False
Is 3828191760 a multiple of 3070?
True
Is 37 a factor of 317555821?
False
Is 2649 a factor of 1677052761?
True
Is 46430784 a multiple of 22?
False
Is 1579890987 a multiple of 243?
True
Is 29095232 a multiple of 284?
True
Does 145 divide 42940586?
False
Does 18 divide 4278902778?
True
Is 615557520 a multiple of 30?
True
Is 6 a factor of 72286863?
False
Is 51572910 a multiple of 10?
True
Is 398862 a multiple of 18?
True
Does 5917 divide 1245556795?
False
Is 5054687 a multiple of 8?
False
Is 5892 a factor of 2060639159?
False
Is 281 a factor of 686271166?
False
Does 28 divide 90678788?
False
Is 212666916 a multiple of 154?
True
Does 91 divide 14249248?
False
Does 138 divide 119358132?
True
Is 98 a factor of 300211926?
True
Is 32606570 a multiple of 170?
False
Does 8 divide 1052168?
True
Is 284 a factor of 196154061?
False
Is 8809790 a multiple of 5?
True
Is 825 a factor of 4181906931?
False
Does 14 divide 1298956994?
False
Is 265658942 a multiple of 273?
False
Is 56 a factor of 34660864?
True
Is 221762147 a multiple of 953?
True
Does 69 divide 803777964?
True
Is 259597357 a multiple of 29?
True
Is 62403370 a multiple of 5?
True
Does 57 divide 46696434?
False
Is 6 a factor of 19854996?
True
Does 13 divide 22252244?
False
Is 22521870 a multiple of 98?
True
Is 87 a factor of 9164667?
True
Is 132657883 a multiple of 9?
False
Is 101 a factor of 108577626?
True
Is 202370252 a multiple of 523?
False
Is 9 a factor of 73035789?
False
Does 747 divide 97133287?
False
Is 18 a factor of 16756146?
True
Is 13659634 a multiple of 54?
False
Is 19 a factor of 122563991?
False
Does 37 divide 6666581?
False
Does 22 divide 89701854?
True
Is 2135 a factor of 1278334297?
False
Is 65536120 a multiple of 13?
True
Does 3158 divide 744350087?
False
Does 46 divide 12045357?
False
Is 1772 a factor of 995929564?
True
Is 1779997094 a multiple of 23?
True
Is 93 a factor of 99960771?
True
Is 907 a factor of 83370718?
False
Is 287 a factor of 541850260?
True
Is 6 a factor of 194424948?
True
Is 139 a factor of 123168178?
True
Does 28 divide 475196260?
True
Does 122 divide 20118410?
True
Does 198 divide 885654?
True
Does 4 divide 23045788?
True
Does 3496 divide 356016770?
False
Is 33 a factor of 140984481?
True
Is 1557229569 a multiple of 96?
False
Is 383136143 a multiple of 1229?
False
Is 116 a factor of 142337452?
True
Is 214 a factor of 566382244?
True
Does 451 divide 18141926?
True
Is 383771770 a multiple of 2890?
True
Is 62 a factor of 8300764?
False
Does 488 divide 55619552?
False
Is 4372525347 a multiple of 9073?
False
Does 82 divide 90450192?
False
Is 86 a factor of 89080129?
False
Is 307091745 a multiple of 5515?
True
Does 1296 divide 195347003?
False
Is 758 a factor of 83273439?
False
Is 485344420 a multiple of 44?
True
Does 1969 divid